s 474 + -70?
404
In base 3, what is -1 - -222221000111?
222221000110
In base 7, what is 143356 + -6?
143350
In base 16, what is 6 - 92b?
-925
In base 14, what is 3 + 1dc34d?
1dc352
In base 13, what is -3 - 9a31a?
-9a320
In base 13, what is 1 + -18ab5?
-18ab4
In base 2, what is 1 + -110111100110000?
-110111100101111
In base 13, what is 104b - -1?
104c
In base 7, what is -240 + 125?
-112
In base 3, what is -122 + -1012011122?
-1012012021
In base 2, what is -100 + 10110101010010?
10110101001110
In base 14, what is 0 + 12a1?
12a1
In base 4, what is 12 + 123003312?
123003330
In base 3, what is 12 + 1201012?
1201101
In base 5, what is -40231 - -3433?
-31243
In base 9, what is 184 - 33?
151
In base 14, what is 1897 - -b?
18a4
In base 2, what is 1101000101 - -11100101?
10000101010
In base 8, what is 132627 - 2?
132625
In base 3, what is 102222 + -10201?
22021
In base 11, what is 15a5 + -1a?
1586
In base 8, what is 41626 - -47?
41675
In base 16, what is -4f - 7fb?
-84a
In base 14, what is 16 - 1408?
-13d2
In base 7, what is -524 + 134?
-360
In base 14, what is 4 - -1b36ca?
1b36d0
In base 15, what is 5 + 1bdb?
1be1
In base 4, what is 10 + 211130?
211200
In base 12, what is -1a - -2680?
2662
In base 6, what is 1 - -110151?
110152
In base 3, what is -101011000 + -100?
-101011100
In base 14, what is -208c4 + 3?
-208c1
In base 8, what is 2014543 + 0?
2014543
In base 3, what is 1012001 + 112112?
1201120
In base 16, what is b291c + 5?
b2921
In base 4, what is 30 + 10022?
10112
In base 2, what is -111001010001 + 10?
-111001001111
In base 6, what is -32 + 355?
323
In base 13, what is 2 - 2ac?
-2aa
In base 11, what is -12 - 226?
-238
In base 4, what is 210233 + -103?
210130
In base 7, what is -354 + 36222?
35535
In base 7, what is -4 + -2263433?
-2263440
In base 3, what is 222221101 - 0?
222221101
In base 5, what is -3133044 + -123?
-3133222
In base 7, what is 32302 + 11?
32313
In base 2, what is -1000001111110 - -101?
-1000001111001
In base 9, what is 312 + -6008?
-5586
In base 11, what is -5 - -32194?
3218a
In base 14, what is 25ba + 5?
25c1
In base 16, what is -1 - 68ba?
-68bb
In base 8, what is 3 - -17351?
17354
In base 8, what is 322 + -42?
260
In base 9, what is -203363 + 5?
-203357
In base 5, what is -111243 + 122?
-111121
In base 7, what is 4 - -65216?
65223
In base 10, what is -15 + -38496?
-38511
In base 3, what is -22 + -211111?
-211210
In base 9, what is -63 - 5433?
-5506
In base 14, what is bad - 103?
aaa
In base 6, what is 44004452 - 10?
44004442
In base 4, what is -122333202 + 10?
-122333132
In base 2, what is 100001100010 - -1010?
100001101100
In base 12, what is -3248 - 2?
-324a
In base 15, what is c279 - 4?
c275
In base 5, what is 3014242 + -10?
3014232
In base 12, what is -56bb - 103?
-5802
In base 6, what is 1132 - -1010?
2142
In base 11, what is -29114 - -14?
-29100
In base 10, what is -31967 + 10?
-31957
In base 7, what is 645 - -252?
1230
In base 5, what is -11140431 - 2?
-11140433
In base 2, what is -1110111010111110 + 10?
-1110111010111100
In base 7, what is -3224123 + -4?
-3224130
In base 16, what is a - -3dbed?
3dbf7
In base 7, what is -16016356 + -2?
-16016361
In base 7, what is -3 + 40660?
40654
In base 5, what is -13223234 + -30?
-13223314
In base 7, what is 64552200 + -4?
64552163
In base 5, what is -14 + -31422?
-31441
In base 7, what is 1456610 - -5?
1456615
In base 2, what is 11111000 - -1010111001?
1110110001
In base 15, what is 1187 + 8?
1190
In base 15, what is c45 + 9?
c4e
In base 11, what is -1402 - 6?
-1408
In base 13, what is -109697 - -4?
-109693
In base 13, what is -1659 + -4?
-1660
In base 11, what is 44261 - 1?
44260
In base 14, what is -65ba + -8c?
-6668
In base 9, what is -330213 - 26?
-330240
In base 12, what is 6761 + 34?
6795
In base 5, what is -30244213 + 2?
-30244211
In base 7, what is 55 + 664233?
664321
In base 11, what is -362 + 32a?
-33
In base 3, what is -10010 - -112112?
102102
In base 11, what is 23 - -2747?
276a
In base 4, what is -10333123 + 2213?
-10330310
In base 14, what is 2a - 18a?
-160
In base 15, what is 26bb + c?
26c8
In base 2, what is -10011110010 - -100101110100?
10010000010
In base 4, what is 11 - 11332102?
-11332031
In base 5, what is -212 + -234010?
-234222
In base 4, what is -1310212 + 1312?
-1302300
In base 12, what is 182b + -43?
17a8
In base 12, what is -133a09 - -2?
-133a07
In base 3, what is 21 - -2122122?
2122220
In base 9, what is 16 - -4265?
4282
In base 15, what is 62 + -1752?
-16e0
In base 8, what is 16 - 205524?
-205506
In base 10, what is -6152 + 61?
-6091
In base 16, what is b - 91d1?
-91c6
In base 4, what is 21 - -2120002?
2120023
In base 16, what is 40 - 19?
27
In base 9, what is -13 + -3105?
-3118
In base 11, what is -40706a + -2?
-407071
In base 13, what is -250c + -70?
-257c
In base 4, what is -2200230 + 1?
-2200223
In base 4, what is 11 + 1321202320?
1321202331
In base 2, what is -100010111110110100 + 101?
-100010111110101111
In base 14, what is 0 - 1c4b?
-1c4b
In base 7, what is -4 - 4543355?
-4543362
In base 10, what is 556678 - 4?
556674
In base 14, what is -9dbb0 + -1?
-9dbb1
In base 4, what is -1 - 10332101222?
-10332101223
In base 8, what is -5 + -144422?
-144427
In base 3, what is 2220111 - 2111?
2211000
In base 9, what is 123835 + -6?
123828
In base 16, what is 18 + 4c9?
4e1
In base 11, what is 4 - -98924?
98928
In base 5, what is -2 - 13323234?
-13323241
In base 3, what is -2220022220000 - -11?
-2220022212212
In base 8, what is -2722030 + -1?
-2722031
In base 6, what is 445433 - -1?
445434
In base 14, what is -1 + 1a328?
1a327
In base 10, what is 3135 - -12?
3147
In base 12, what is -a51 + 19?
-a34
In base 3, what is -210212 + -2121101?
-10102020
In base 4, what is 10 - -231133202?
231133212
In base 14, what is -18b6 + -d?
-18c5
In base 13, what is -aa4 - -a2?
-a02
In base 5, what is -23214030 + -2?
-23214032
In base 11, what is 24a8 - 6?
24a2
In base 16, what is -295 - 58?
-2ed
In base 5, what is 100211200 - 4?
100211141
In base 6, what is 12 + -22002?
-21550
In base 11, what is -1 - -2281?
2280
In base 11, what is -8aa1 - -3?
-8a99
In base 11, what is -363 + 18?
-346
In base 16, what is -1 - 9425?
-9426
In base 3, what is -11 + -210110122220?
-210110200001
In base 16, what is -22d - 8?
-235
In base 6, what is -4 + -110531?
-110535
In base 7, what is -331015 + -4?
-331022
In base 8, what is -2712 + 111?
-2601
In base 10, what is 5 + 29710?
29715
In base 13, what is -158 + 2a?
-12b
In base 5, what is -201 - -10103014?
10102313
In base 4, what is -2130302 + -10?
-2130312
In base 5, what is 131020414 + 2?
131020421
In base 14, what is 6011d3 - -1?
6011d4
In base 2, what is 10000 + 110011011?
110101011
In base 9, what is -5 - -602613?
602607
In base 4, what is 22 - 222?
-200
In base 15, what is 390 - 8e?
301
In base 16, what is -159d + 5?
-1598
In base 7, what is -1 + -122264?
-122265
In base 13, what is c - b374?
-b365
In base 7, what is -11 + -33162?
-33203
In base 16, what is 2caa + -c?
2c9e
In base 8, what is 232 - -113?
345
In base 11, what is 2 + 40994?
40996
In base 12, what is -1a - 7898?
-78b6
In base 2, what is 110111000110011 - -100?
110111000110111
In base 8, what is 54 - -31522?
31576
In base 10, what is -1848 + -12?
-1860
In base 3, what is -112220221122 + -1?
-112220221200
In base 13, what is -2ab1 + 9b?
-2a13
In base 13, what is 4 - -81106?
8110a
In base 3, what is -1200 + 20002000001?
20001221101
In base 7, what is -231322 - 3?
-231325
In base 6, what is 4552 - -225?
5221
In base 14, what is 88 - -47?
d1
In base 8, what is -60766 + 0?
-60766
In base 8, what is -20213 - 0?
-20213
In base 6, what is 4 - 4204053?
-4204045
In base 10, what is 903 - 5?
898
In base 8, what is 5574 - -21?
5615
In base 11, what is 6 - 37a7?
-37a1
In base 2, what is 11 - -1011111110011?
1011111110110
In base 8, what is -2 + -770307?
-770311
In base 8, what is -74 + 154?
60
In base 8, what is -346 + 1601?
1233
In base 5, what is 0 + 2433244?
2433244
In base 12, what is aa + -98b?
-8a1
In base 6, what is -3054411 + 1?
-3054410
In base 6, what is 2 - -221445?
221451
In base 5, what is -10 + -311141?
-311201
In base 4, what is 1030 - -130113?
131203
In base 8, what is -70463 + 5?
-70456
In base 16, what is -9aa08 + -1?
-9aa09
In base 4, what is 1012003111 - 3?
1012003102